Let z be d(-10). Suppose -z*q = -9 + h. What is the units digit of q?
2
Let j = -22569 + 50166. What is the tens digit of j?
9
Let u be 1 - 2/4 - 14108/(-8). Let j = -1084 + u. Suppose -21*n = -16*n - j. What is the hundreds digit of n?
1
Let q(s) = 45*s**2 + 103*s + 54. Let v(n) = 23*n**2 + 52*n + 27. Let k(c) = 6*q(c) - 11*v(c). What is the tens digit of k(-12)?
2
Let j be ((-20)/110 - 9/11)*-1. What is the tens digit of 0/j - (-903)/7?
2
Let w(l) = -92*l + 1710. What is the tens digit of w(-45)?
5
Let h = -1096 - -1635. What is the units digit of h?
9
What is the tens digit of (14014 + 4/(-4))/((-2)/(-6))?
3
Let v be 32/((-8)/(-2)) - 4. Suppose x + 5*a - 955 = 0, -v*x - 3*a - 1897 = -6*x. What is the units digit of x?
0
Suppose 2*k + 26 = u - 2*u, 52 = -2*u - 5*k. Let z(p) = p**3 + 25*p**2 - 27*p - 32. Let s be z(u). Let v = 121 - s. What is the hundreds digit of v?
1
Suppose 3*j = 4*k - 5827, -k + 3*j = 407 - 1857. Suppose 0 = -z - 4, 160 = -5*v + z + k. Suppose -7*r + v + 336 = 0. What is the tens digit of r?
8
Let a(p) = -6*p**3 - 2*p**2 + p - 44. Let g(k) = k**3 - k - 1. Let d(j) = -a(j) + g(j). What is the tens digit of d(6)?
1
Let o be (3 + -2)*(-4)/20*-25. Suppose -3*p + 4573 = 27*f - 32*f, 5*f - 7595 = -o*p. What is the hundreds digit of p?
5
Let d(s) = s**3 + 2*s**2 + s + 3. Let z be d(-2). What is the tens digit of 4704/384 - (6/(-8) + z)?
1
Suppose 4*y - 2846 = -4*z + 2414, 4*y = z - 1340. Suppose -f - 9*f = -z. What is the units digit of f?
2
Let y be 20/2 + (1 - 2). Suppose y*h + 4*h - 4277 = 0. What is the tens digit of h?
2
Let d be 18/((-12)/9*9/6). Let q be (-1 + 22/6)*(228 - d). Let r = -409 + q. What is the hundreds digit of r?
2
Let v = 28287 - 5921. What is the thousands digit of v?
2
Let i(l) = -28*l - 12. Let x be i(3). Let n = x - -52. Let a = n + 158. What is the units digit of a?
4
Let x(q) = -q**2 + 14*q + 2. Suppose 16*d + 0*d = 64. Let i(m) = m + 8. Let w be i(d). What is the units digit of x(w)?
6
What is the tens digit of (-77)/(-21) - 4 - 376025/(-15)?
6
Let f(h) be the second derivative of 7*h**4/12 - 5*h**3/6 + h**2/2 + h. Suppose -m + m - 27 = 9*m. What is the units digit of f(m)?
9
Let j(z) = z**2 + 2*z + 3. Let s be j(-5). Let g = 287 - 282. Suppose -705 = -4*f - 3*q, -g*q + s - 554 = -3*f. What is the units digit of f?
7
Suppose 17*n - 34933 - 39547 = 12*n. What is the units digit of n?
6
Suppose 21 = 2*j - 539. Let t = j - -435. What is the tens digit of t?
1
Let f = -13741 - -14995. What is the thousands digit of f?
1
Suppose -309139 = -68*z + 26645. What is the units digit of z?
8
Let n(x) = -116*x + 636. What is the hundreds digit of n(-6)?
3
Suppose 3*l - 6*p = -4*p + 47554 - 6550, 0 = -p. What is the tens digit of l?
6
Suppose 4 + 14 = 6*t. Suppose 3*v - 1112 = -12*j + 17*j, -t*v + 4*j = -1117. What is the units digit of v?
9
Let c(o) = 70*o**2 - 14*o + 4. Let s be c(3). Let l = -292 + s. What is the units digit of l?
0
Let p(u) = -3*u**3 + 29*u**2 + 16*u + 53. What is the units digit of p(-18)?
7
Suppose -k = 5*x - 1 - 11, -2*k - 5*x + 14 = 0. Suppose 0 = -h - k*h + 15. Let m(r) = -r**3 + 4*r**2 + 11*r + 6. What is the tens digit of m(h)?
3
Suppose 568434 + 1278 = 27*j + 25*j. What is the units digit of j?
6
Suppose 9 + 15 = -3*p. Let n(r) = -2*r + 3 + 14 - 6 + 21. What is the tens digit of n(p)?
4
Let y = -15856 - -40287. What is the tens digit of y?
3
Let g(k) = 13*k**2 - 48*k - 4. Let t be g(9). Suppose -4*b - t = -5*y + 4*y, -1234 = -2*y + b. What is the hundreds digit of y?
6
Suppose k - 3*h = -2*h - 363, -5*k = 3*h + 1855. Let i = -1516 - k. What is the tens digit of (i/8)/(-7)*8?
6
Suppose 5*h + 0*h = 2*k - 1769, -h = -5*k + 4480. Let c = 1653 - k. What is the units digit of c?
6
Let z(n) be the second derivative of n**5/20 + n**4/12 - 7*n**3/6 + 4*n. Let r be z(-3). Suppose -r*j + 144 = -69. What is the units digit of j?
1
Suppose 7647 = 2*t - 6285. What is the hundreds digit of t?
9
Let j(c) = 2*c**2 + 2*c + 4. Let z(p) = p**3 + 2*p**2 + 2*p - 6. Let s be z(-4). Let o = 43 + s. What is the units digit of j(o)?
6
Suppose -10*z + 8 = -22. Let x be 2 + (z - 4) - 6. Let o = x - -43. What is the tens digit of o?
3
Let x(w) be the first derivative of w**3/3 + 7*w**2/2 - 57*w - 35. What is the units digit of x(-13)?
1
Let k be (24/(-10))/((-84)/93030). Let a = k + -1460. What is the units digit of a?
8
Suppose 3*p - 139175 = -16*p - 0*p. What is the units digit of p?
5
Suppose -203 = 2*c + 83. Let f = 1712 + c. What is the units digit of f?
9
Suppose -7*z + 10*z = 21. Let s(p) = z*p - 5*p - 24 + 28 + 16*p. What is the units digit of s(10)?
4
Let c be 2*((-2)/(-3))/(16/(-12)). What is the tens digit of c*(-1 - -2) - (-149 + 22)?
2
Let u = 11584 - 759. What is the hundreds digit of u?
8
Suppose 43*d - 1050065 - 278064 - 1097587 = 0. What is the tens digit of d?
1
Let j be (2/9 - (4433/(-99) + 9)) + 4. Let f be 166/3*(-1 + 4). Let g = j + f. What is the tens digit of g?
0
Suppose 0 = -x - 1, 21*x - 23*x + 17674 = 3*u. Suppose 4*f - 7856 = -5*r, -8*f - u = -11*f - 3*r. What is the hundreds digit of f?
9
Let f = -158 + 268. Let t = 338 - f. What is the units digit of t?
8
Let y(w) = 2*w**2 - 62*w - 49. Let i be y(33). Let l = 420 - i. What is the tens digit of l?
3
Suppose c + 62 = 190. Let r(w) = -14*w - 81. Let y be r(-8). Let p = y + c. What is the units digit of p?
9
Let o(f) be the first derivative of -f**4/4 - 13*f**3/3 - 23*f**2 - 32*f + 81. What is the tens digit of o(-13)?
6
Let r(b) = -18 - 3 + 14*b + 68*b + 53*b. Let f be r(3). Suppose 2*m = -2*m + 2*i + f, -3*i + 288 = 3*m. What is the units digit of m?
6
Let v = -3 + 6. Suppose v*l - 5*w = 697, 4*w - 85 = -l + 119. What is the units digit of l?
4
Let r be (-4)/46 - (-188)/46. Let s(f) = 22*f - 4. Let n(x) = 33*x - 6. Let t(w) = 5*n(w) - 7*s(w). What is the units digit of t(r)?
2
Suppose 2*c - 2954 = 2*i, -c + 3*i = -606 - 881. What is the units digit of c?
2
Let g = -216 - -204. What is the tens digit of (-4806)/(-12) + (1 - g/(-8))?
0
Suppose 22*f - 17*f = -h + 167, 766 = 5*h + 2*f. Let w be 3*(140/(-6) - -1). Let o = h + w. What is the tens digit of o?
8
Let r = -16066 - -26907. What is the tens digit of r?
4
Let s be 2/(-5) - (4 - 126/15). What is the hundreds digit of (2/s)/((-11)/(-9988))?
4
Suppose -15*v - 125 = 280. Let x(s) = -s**3 - 24*s**2 + 63*s + 40. What is the units digit of x(v)?
6
What is the ten thousands digit of 17/(-255) + 1369564/60 - -7?
2
Suppose 1291 = 3*m - 4*l, -4*l - 505 = -2*m + 357. Let g = -265 + m. What is the tens digit of g?
6
Let p = -182 + 195. Let f(a) = 4*a - 50. What is the units digit of f(p)?
2
Let b(f) = 1428*f**2 - 73*f + 75. What is the tens digit of b(1)?
3
Suppose -10811 - 16129 = -3*n + h, -5*n + 3*h + 44904 = 0. What is the tens digit of n?
7
Let m(u) = -2*u**2 + 5*u - 15. Let j be m(6). Let y = 57 + j. Suppose 5*k - 4*s - 96 = y, -28 = 2*k - 5*k - 5*s. What is the tens digit of k?
1
Let t = 119 + -122. Let m be (-140)/6*t*(-30)/75. What is the tens digit of (-6672)/m + ((-8)/(-28))/(-1)?
3
Let i = -38 + 329. Let a = i - 133. Suppose 4*z = q - 97, -3*z + a - 40 = q. What is the units digit of q?
9
Let c = -2290 + 1071. Let d = -336 - c. What is the hundreds digit of d?
8
Let h(b) = -50*b**3 + 37*b + 3 - 35*b + 0*b**2 + 3*b**2. What is the units digit of h(-3)?
4
Let i = -2550 - -5635. What is the hundreds digit of i?
0
Suppose -36*g - 14 = -29*g. Let q(f) = -66*f + 6. What is the units digit of q(g)?
8
Suppose -15*b + 5*b = 130. What is the units digit of 3913/169 - (-2)/b?
3
Let p(m) be the first derivative of -148*m**2 + 53*m + 321. What is the hundreds digit of p(-5)?
5
Suppose 2*j - 2382 = -76*q + 75*q, 2*q - 4*j - 4804 = 0. What is the units digit of q?
2
Let y(n) = 62*n**2 - 2*n + 9. What is the hundreds digit of y(-5)?
5
Let a be (3513/(-12))/((-6)/(-24)). Let s = a + 2117. What is the tens digit of s?
4
What is the ten thousands digit of (1104/(-15) + -5)*-525?
4
Let k = 303 + -131. Suppose w = 5*u - 2*w - 178, 0 = -5*u - 3*w + k. What is the tens digit of 224/u + -6 - (-2616)/10?
6
What is the tens digit of (3556/35)/((60/(-25))/(-12))?
0
What is the thousands digit of (-2670)/(-5785) - 53392/(-26)?
2
Let h(y) = 69*y**2 + 6*y - 101. What is the tens digit of h(10)?
5
Suppose -